 and c?
8
Let h be ((-2)/(-6))/((3/108)/(-7 - -25)). What is the greatest common divisor of h and 192?
24
Let p be 16/(-7) - 24/(-84) - -930. Let n be (p/12 - 4)*(-36)/(-10). Suppose 0 = -12*t + t + n. What is the highest common divisor of t and 6?
6
Let l(q) = -q**2 + 6*q + 5. Let h be 10/2 + 9/(-9). Let y be l(h). Calculate the highest common factor of 117 and y.
13
Let p = -9 - -11. Suppose -2*j = p*o - 100, -o - 4*j + 49 + 16 = 0. Calculate the highest common divisor of o and 15.
15
Suppose 6*h - 49 = 401. Let r be 209/19 - (3 - 2). Calculate the greatest common factor of r and h.
5
Let q be (1047 + 33)/(-40) - -103. Suppose 5*c + 3 = -2, -17 = -n - 2*c. What is the greatest common divisor of n and q?
19
Let i(a) = 10*a**2 + 4*a - 172. Let v be i(-11). What is the highest common divisor of 14 and v?
14
Let t = 50 - 45. Let n(a) = a + 30. Let i be n(t). What is the greatest common divisor of i and 10?
5
Suppose 0 = -y + 13 + 36. Suppose 3*k - 7 = -1. Suppose -x + y = k*v, 3*x - 59 = -6*v + 4*v. Calculate the highest common factor of 66 and v.
22
Let f(p) = 64*p + 37. Let u be f(2). Let z = u + -99. Calculate the highest common divisor of z and 286.
22
Suppose 5*w - w + 54 = -2*j, 0 = -3*w + 5*j - 47. Let d = -5 - w. What is the greatest common divisor of 1 and d?
1
Suppose -x + 23 = 3*d - 20, -8*d = -3*x - 75. Calculate the greatest common divisor of d and 6042.
6
Let j(v) = -23*v**3 + v**2. Let s be j(-1). Let q(b) = 6*b**3 + 141*b**2 + 386*b + 28. Let d be q(-20). What is the greatest common divisor of d and s?
12
Suppose 2*i + 98*w - 94*w - 174 = 0, 0 = -3*w - 12. Calculate the highest common factor of 32585 and i.
95
Let r = 53 - 53. Let o(m) be the first derivative of m**3/3 - m**2/2 + 13*m - 3. Let s be o(r). What is the greatest common divisor of 52 and s?
13
Suppose 5*y + 13*t - 16*t = 545, 4*y - 433 = 3*t. Let n be 2/6 - 115/(-15). Calculate the highest common divisor of n and y.
8
Let d = -45 + 45. Suppose d = 9*c - 24*c + 150. What is the greatest common divisor of c and 160?
10
Let i = -1047 + 1063. What is the highest common factor of i and 232?
8
Suppose -15*b - 1125 = 750. Let h be 1670*(-10)/b - (-6)/(-10). Calculate the greatest common factor of h and 28.
7
Suppose -3*d = -4*z + 15, 8*z - 2*d - 11 = 5*z. Suppose -5*a = -z*a + 3*t - 14, a + 2*t = 9. What is the highest common divisor of 31 and a?
1
Suppose -z = -5*y + 5, -5*y = -y - 5*z + 17. Suppose -3*l + 578 - 607 = -5*h, 2*h = -4*l + 22. What is the greatest common divisor of l and y?
2
Let x = 106 - 76. Let f be (-170)/(-3)*-12*(-12)/16. Calculate the greatest common factor of f and x.
30
Let u = 18 - 9. Suppose u*t = 4*t - 3*r + 381, 0 = -4*t + 4*r + 292. Calculate the highest common factor of t and 100.
25
Suppose -4*p = 8, -3*p + p + 76 = -2*b. Let u be (-6)/9 + b/(-6). What is the highest common divisor of u and 16?
2
Let a = 1411 + -1388. What is the greatest common divisor of a and 4301?
23
Suppose -6*r + 14*r = 16. Let t be 152 - -2*r/4. Calculate the highest common divisor of t and 3.
3
Let c = 467 + 240. What is the highest common divisor of 49 and c?
7
Suppose 2*m - 2*s - 144 = 112, 0 = -m + 2*s + 131. Calculate the highest common divisor of m and 1525.
25
Let a(j) = 3*j**3 - 17*j**2 + 3*j + 1. Let w be a(6). Calculate the greatest common divisor of w and 341.
11
Suppose 6*i + 619*o - 1027 = 618*o, 4*i = 4*o + 652. Let d(c) = 10*c. Let r be d(4). Calculate the greatest common divisor of r and i.
10
Suppose 3*l - 867 = 3*g, 4*l - 1147 = 28*g - 33*g. Let v(b) = -2*b**3 - 3*b**2 - 3*b - 1. Let t be v(-2). What is the highest common divisor of l and t?
9
Suppose 1131*b - 69003 = 1114*b. What is the greatest common divisor of 165 and b?
33
Let h(v) = -v**2 + 125*v + 3750. Let x be h(0). What is the highest common divisor of x and 45?
15
Let u = -13831 - -14019. What is the highest common divisor of u and 235?
47
Suppose 0 = a + 1, -8*u + 10*u - 21 = -5*a. Let p be 2/(-9) + 9023/63. What is the greatest common factor of u and p?
13
Let n(l) = 30*l - 297. Let g be n(10). What is the highest common divisor of g and 11?
1
Let s = 3068 - 3013. What is the greatest common factor of 145 and s?
5
Let t be 154 - ((-3)/((-6)/(-5)))/((-305)/122). Let b(j) = 2*j**3 - 6*j**2 + 5*j - 1. Let h be b(4). What is the greatest common factor of h and t?
51
Suppose 0 = -3*m + 3*u + 2*u + 147, -5*m + 2*u + 264 = 0. Let z = m + -69. Let b be 2/(8/(-12)) - z. What is the greatest common divisor of 156 and b?
12
Let s = -26 + 61. Let h = s - 31. Calculate the greatest common factor of h and 32.
4
Suppose 0 = -16*s + 14*s + 8. Suppose t + 2*d - 46 = 3*t, s*t = 3*d - 91. Let z = t + 37. Calculate the greatest common factor of 105 and z.
15
Suppose -3*p = -5*p - 4, -4*f - 5*p + 134 = 0. Calculate the greatest common divisor of 873 and f.
9
Let z(v) = -83*v - 644. Let s be z(-32). What is the highest common divisor of s and 4?
4
Let t be 0*(-1)/(2 - 1). Let x be (t - -3)/(3/4). Suppose 0 = -7*h + 43*h - 940 + 220. What is the highest common factor of x and h?
4
Let b be 44*(20/14 - (-54)/(-126)). Let n = -17 + 28. Calculate the highest common factor of b and n.
11
Let o = 88 - 6. Let j = 87 - o. Suppose j*y - 428 = -68. What is the greatest common divisor of y and 9?
9
Suppose 41*t - 8888 = 19*t. Let j = -340 + t. What is the highest common factor of j and 24?
8
Let v(r) = -r**2 - 23*r - 20. Let h be v(-22). Let d be 3/h - 696/(-16). What is the highest common divisor of d and 225?
45
Suppose -20 = -2*g - 0*b - 2*b, 4*b - 4 = -g. Let r be (-3)/6*6*-11. What is the highest common factor of g and r?
3
Let k be ((4472/215)/13)/(1/240). Calculate the highest common divisor of 4288 and k.
64
Suppose 54*l = 73*l + 139*l - 3160. What is the greatest common factor of 5310 and l?
10
Suppose 0*h - 3*h - l + 43 = 0, h + 5*l + 9 = 0. Suppose 0 = -h*v + 686 + 114. What is the greatest common divisor of v and 30?
10
Suppose -2*f - 118 = -3*c, 0 = 4*c - 4*f - 98 - 66. Suppose -8268 = -25*d - 49*d + 21*d. What is the highest common factor of c and d?
12
Let j(i) = -i**3 + 105*i**2 - 495*i - 95. Let k be j(100). What is the greatest common divisor of k and 1995?
15
Let g = 658 - 533. Calculate the highest common divisor of g and 5.
5
Suppose y = 4*k - 0*k + 26, 3*k + 3 = 0. Let v(n) = 2*n - y - 3*n + 3*n - 28*n. Let m be v(-5). What is the highest common divisor of m and 27?
27
Let z be -15 - -3*(35 - 6). Calculate the highest common divisor of z and 208.
8
Let q = -54 - -102. Let l(j) = -2*j**2 - j - 14. Let f be l(-5). Let x = 65 + f. What is the greatest common divisor of x and q?
6
Suppose 372 = 2*v + 2*x, 3*v - 927 = 2*x - 379. Calculate the greatest common divisor of 299 and v.
23
Let p be -9 + 9 + (-744)/(-3). Calculate the highest common factor of p and 6.
2
Let p be (-6 + -14439)/(-9) + -7. What is the greatest common divisor of 282 and p?
94
Suppose 0 = -0*p - 15*p - 75. Let l be (86/p - 2)/(4/(-50)). Suppose -3*n + 4*g = -8*n + 150, 2*n = -5*g + 60. Calculate the highest common factor of n and l.
30
Suppose -10*u + 11*u = 51. Suppose -2*x + 0*x = -8. Suppose -3*o + x*o = 68. What is the highest common factor of u and o?
17
Let q = -19145 + 19705. Calculate the greatest common divisor of 406 and q.
14
Suppose 10017*f + 4234 = 10046*f. Calculate the highest common divisor of 949 and f.
73
Let n be (7 + 6/(-2))*(-1089)/(-132). Suppose 7*f - 10*f = -n. Calculate the highest common divisor of 77 and f.
11
Let s(p) = 833*p + 5103. Let i be s(3). What is the highest common factor of 28 and i?
14
Let p = -5240 - -5376. What is the highest common factor of p and 1887?
17
Let g(d) = d**2 + 4*d + 3. Let p be g(-2). Let s(b) = -558*b**2 + 667*b**2 + 2*b + b + 3 - b. Let r be s(p). What is the highest common factor of r and 11?
11
Let w = -7080 + 7561. What is the highest common factor of w and 91?
13
Let o be 78/(-18)*(-4 + 1). Suppose 90*h = 14*h + 7904. Calculate the greatest common factor of o and h.
13
Let u(q) = 51*q + 0 - q**3 + 2 + 2*q**2 - 6 - 53*q. Let c be u(-2). Calculate the highest common factor of c and 6.
2
Let h(m) = -38*m**3 - 49*m**2 + 9*m + 41. Let w be h(-7). What is the greatest common divisor of 27 and w?
27
Suppose 4*f - 4*s - 4618 - 6050 = 0, 5*s = f - 2667. Calculate the highest co